he units digit of 378616?
6
What is the hundreds digit of 407726?
7
What is the hundred thousands digit of 1284585?
2
What is the thousands digit of 439337?
9
What is the hundreds digit of 1939927?
9
What is the hundred thousands digit of 1464830?
4
What is the hundred thousands digit of 815588?
8
What is the millions digit of 5005762?
5
What is the units digit of 4070?
0
What is the ten thousands digit of 3404405?
0
What is the hundreds digit of 11915645?
6
What is the ten thousands digit of 57135?
5
What is the units digit of 204994?
4
What is the hundreds digit of 3003137?
1
What is the units digit of 9320923?
3
What is the hundreds digit of 101543?
5
What is the tens digit of 4260287?
8
What is the hundreds digit of 292571?
5
What is the ten thousands digit of 130769?
3
What is the thousands digit of 21551526?
1
What is the ten thousands digit of 1476148?
7
What is the tens digit of 9399233?
3
What is the thousands digit of 193788?
3
What is the tens digit of 9710002?
0
What is the units digit of 748689?
9
What is the ten thousands digit of 242702?
4
What is the hundred thousands digit of 20691307?
6
What is the ten thousands digit of 163704?
6
What is the thousands digit of 25009564?
9
What is the units digit of 1013136?
6
What is the thousands digit of 3646601?
6
What is the thousands digit of 776006?
6
What is the tens digit of 792508?
0
What is the hundreds digit of 1404496?
4
What is the hundred thousands digit of 7069474?
0
What is the thousands digit of 24405139?
5
What is the hundred thousands digit of 378013?
3
What is the thousands digit of 8590071?
0
What is the tens digit of 6756264?
6
What is the tens digit of 39418?
1
What is the millions digit of 1695037?
1
What is the units digit of 30071?
1
What is the thousands digit of 3648634?
8
What is the hundred thousands digit of 486713?
4
What is the hundreds digit of 1170056?
0
What is the hundred thousands digit of 105470?
1
What is the millions digit of 1933694?
1
What is the ten thousands digit of 380131?
8
What is the thousands digit of 5370207?
0
What is the thousands digit of 706241?
6
What is the units digit of 320041?
1
What is the ten millions digit of 14611878?
1
What is the hundreds digit of 3899663?
6
What is the thousands digit of 199120?
9
What is the units digit of 441349?
9
What is the units digit of 413482?
2
What is the thousands digit of 33461194?
1
What is the millions digit of 6940363?
6
What is the units digit of 24060571?
1
What is the hundred thousands digit of 477734?
4
What is the hundred thousands digit of 123620?
1
What is the ten thousands digit of 1898586?
9
What is the units digit of 2010725?
5
What is the ten thousands digit of 185985?
8
What is the ten thousands digit of 5554550?
5
What is the hundred thousands digit of 486661?
4
What is the thousands digit of 1746506?
6
What is the units digit of 248588?
8
What is the ten thousands digit of 1676377?
7
What is the units digit of 100932?
2
What is the units digit of 303136?
6
What is the ten thousands digit of 10474662?
7
What is the tens digit of 882139?
3
What is the tens digit of 1464601?
0
What is the millions digit of 2173486?
2
What is the hundred thousands digit of 157393?
1
What is the hundreds digit of 3332445?
4
What is the tens digit of 19584749?
4
What is the units digit of 3196?
6
What is the hundreds digit of 394665?
6
What is the units digit of 395376?
6
What is the ten thousands digit of 19352200?
5
What is the thousands digit of 193931?
3
What is the units digit of 535154?
4
What is the millions digit of 6373011?
6
What is the thousands digit of 4456688?
6
What is the units digit of 44220?
0
What is the hundreds digit of 3108536?
5
What is the hundreds digit of 7107480?
4
What is the hundreds digit of 14728173?
1
What is the hundreds digit of 5278124?
1
What is the thousands digit of 1726756?
6
What is the thousands digit of 1120464?
0
What is the units digit of 12924054?
4
What is the units digit of 8702039?
9
What is the millions digit of 1450620?
1
What is the tens digit of 7969962?
6
What is the units digit of 9159927?
7
What is the units digit of 2145835?
5
What is the thousands digit of 212969?
2
What is the millions digit of 1917674?
1
What is the hundreds digit of 26531?
5
What is the ten thousands digit of 96568?
9
What is the thousands digit of 5003719?
3
What is the tens digit of 28659098?
9
What is the tens digit of 551749?
4
What is the hundreds digit of 184673?
6
What is the millions digit of 11134171?
1
What is the hundred thousands digit of 3002393?
0
What is the hundreds digit of 10318800?
8
What is the units digit of 73908?
8
What is the units digit of 564363?
3
What is the hundred thousands digit of 207122?
2
What is the ten thousands digit of 388553?
8
What is the thousands digit of 64456?
4
What is the ten thousands digit of 89556?
8
What is the tens digit of 2558759?
5
What is the ten millions digit of 10730264?
1
What is the ten thousands digit of 3125879?
2
What is the hundreds digit of 267459?
4
What is the tens digit of 144485?
8
What is the tens digit of 2108178?
7
What is the thousands digit of 447448?
7
What is the ten thousands digit of 226395?
2
What is the hundreds digit of 240113?
1
What is the tens digit of 51187?
8
What is the thousands digit of 20151397?
1
What is the hundreds digit of 1716149?
1
What is the thousands digit of 1916051?
6
What is the tens digit of 440082?
8
What is the millions digit of 1818419?
1
What is the hundreds digit of 1295017?
0
What is the hundreds digit of 6907036?
0
What is the millions digit of 8678468?
8
What is the hundred thousands digit of 317215?
3
What is the ten thousands digit of 384138?
8
What is the tens digit of 182440?
4
What is the tens digit of 4988304?
0
What is the ten thousands digit of 1709324?
0
What is the hundred thousands digit of 2518617?
5
What is the hundreds digit of 14666965?
9
What is the thousands digit of 4105609?
5
What is the hundreds digit of 438690?
6
What is the millions digit of 20014769?
0
What is the ten thousands digit of 135689?
3
What is the thousands digit of 56041?
6
What is the thousands digit of 899754?
9
What is the ten thousands digit of 862065?
6
What is the thousands digit of 3064011?
4
What is the hundred thousands digit of 1438491?
4
What is the hundred thousands digit of 456919?
4
What is the hundreds digit of 81206?
2
What is the hundreds digit of 4713178?
1
What is the ten millions digit of 10695459?
1
What is the thousands digit of 107307?
7
What is the tens digit of 322388?
8
What is the thousands digit of 219711?
9
What is the ten millions digit of 12518420?
1
What is the tens digit of 209065?
6
What is the units digit of 792625?
5
What is the thousands digit of 2041297?
1
What is the millions digit of 7186006?
7
What is the hundred thousands digit of 604211?
6
What is the ten thousands digit of 1475174?
7
What is the ten thousands digit of 9429781?
2
What is the hundreds digit of 5337606?
6
What is the hundred thousands digit of 210965?
2
What is the tens digit of 274473?
7
What is the hundred thousands digit of 827407?
8
What is the ten thousands digit of 1134723?
3
What is the ten thousands digit of 125462?
2
What is the thousands digit of 9188626?
8
What is the hundred thousands digit of 14353504?
3
What is the ten thousands digit of 1034847?
3
What is the tens digit of 120892?
9
What is the hundred thousands digit of 816402?
8
What is the tens digit of 4579344?
4
What is the hundred thousands digit of 675843?
6
What is the thousands digit of 5667243?
7
What is the units digit of 3892289?
9
What is the ten thousands digit of 1168947?
6
What is the units digit of 254128?
8
What is the units digit of 91235?
5
What is the millions digit of 10263186?
0
What is the tens digit of 2705665?
6
What is the thousands digit of 210503?
0
What is the hundred thousands digit of 569986?
5
What is the ten millions digit of 32128779?
3
What is the ten thousands digit of 1038476?
3
What is the ten thousands digit of 92214?
9
What is the hundreds digit of 1861552?
5
What is the hundreds digit of 3483332?
3
What is the hundred thousands digit of 28359194?
3
What is the units digit of 6360223?
3
What is the ten millions digit of 12379935?
1
What is the units digit of 516634?
